{"id":105,"date":"2026-01-09T10:29:25","date_gmt":"2026-01-09T10:29:25","guid":{"rendered":"https:\/\/demainsencommun.fr\/?page_id=105"},"modified":"2026-01-14T11:40:42","modified_gmt":"2026-01-14T11:40:42","slug":"formations-sensibilisations","status":"publish","type":"page","link":"https:\/\/demainsencommun.fr\/?page_id=105","title":{"rendered":"| Formations \/ Sensibilisation |"},"content":{"rendered":"\n<p><strong><em>Transmettre autrement, par l\u2019exp\u00e9rience<\/em><\/strong><\/p>\n\n\n\n<p><strong>Objectif ? <\/strong>Former et sensibiliser les <strong>professionnel, collectivit\u00e9s et structures sociales<\/strong> afin de renforcer leurs comp\u00e9tences et leurs pratiques, \u00e0 travers des <strong>formations participatives<\/strong>, ancr\u00e9es dans le r\u00e9el.<\/p>\n\n\n\n<p><strong>Ces formations visent \u00e0 <\/strong>:<br>&#8211; outiller les acteurs de terrain,<br>&#8211; favoriser la prise de recul sur les pratiques,<br>&#8211; renforcer les capacit\u00e9s d\u2019action individuelles et collectives,<br>&#8211; accompagner des changements durables, au plus pr\u00e8s des contextes.<\/p>\n\n\n\n<p>Mon approche p\u00e9dagogique repose sur <strong>trois piliers compl\u00e9mentaires<\/strong> :<br>&#8211; un <strong>ancrage dans les r\u00e9alit\u00e9s de terrain<\/strong>, \u00e0 partir des situations v\u00e9cues par les participant\u00b7es ;<br>&#8211; une <strong>p\u00e9dagogie active<\/strong>, favorisant l\u2019exp\u00e9rimentation, les \u00e9changes et la mise en pratique ;<br>&#8211; une <strong>transmission vivante<\/strong>, centr\u00e9e sur les usages, les postures professionnelles et le sens de l\u2019action.<\/p>\n\n\n\n<p>Chaque module peut \u00eatre <strong>adapt\u00e9 sur mesure<\/strong> (format, dur\u00e9e, niveau, public, contexte d&rsquo;intervention).<\/p>\n\n\n\n<div class=\"wp-block-columns has-background is-layout-flex wp-container-core-columns-is-layout-28f84493 wp-block-columns-is-layout-flex\" style=\"border-width:2px;background:linear-gradient(135deg,rgba(7,157,227,0.27) 0%,rgba(83,81,224,0.34) 97%)\">\n<div class=\"wp-block-column is-vertically-aligned-center is-layout-flow wp-block-column-is-layout-flow\">\n<figure class=\"wp-block-image size-large\"><img fetchpriority=\"high\" decoding=\"async\" width=\"1024\" height=\"683\" src=\"https:\/\/demainsencommun.fr\/wp-content\/uploads\/2025\/12\/image-5_2-1024x683.png\" alt=\"\" class=\"wp-image-95\" style=\"aspect-ratio:1.4993076590220684\" srcset=\"https:\/\/demainsencommun.fr\/wp-content\/uploads\/2025\/12\/image-5_2-1024x683.png 1024w, https:\/\/demainsencommun.fr\/wp-content\/uploads\/2025\/12\/image-5_2-300x200.png 300w, https:\/\/demainsencommun.fr\/wp-content\/uploads\/2025\/12\/image-5_2.png 1536w\" sizes=\"(max-width: 1024px) 100vw, 1024px\" \/><\/figure>\n<\/div>\n\n\n\n<div class=\"wp-block-column is-vertically-aligned-center is-layout-flow wp-block-column-is-layout-flow\">\n<h2 class=\"wp-block-heading\"><strong>Cohabiter, communiquer, coop\u00e9rer<\/strong><\/h2>\n\n\n\n<p>Ces formations abordent les <strong>relations humaines<\/strong> au sein :<br>&#8211; des habitats collectifs, <br>&#8211; des organisations et \u00e9quipes de travail<br>&#8211; des dispositifs sociaux et \u00e9ducatifs.<\/p>\n\n\n\n<p>Elles visent \u00e0 am\u00e9liorer la compr\u00e9hension mutuelle, pr\u00e9venir les tensions et renforcer la coop\u00e9ration.<\/p>\n\n\n\n<h3 class=\"wp-block-heading\">\ud83e\udde9 <strong>Modules propos\u00e9s :<\/strong><\/h3>\n\n\n\n<ul class=\"wp-block-list\">\n<li><strong>Cr\u00e9er un lieu accueillant adapt\u00e9 aux besoins des publics cibles<\/strong> : penser l\u2019espace comme levier d\u2019inclusion, de bien-\u00eatre et de lien social&#8230;<\/li>\n\n\n\n<li><strong>Cohabitation et gestion de conflits dans l\u2019habitat<\/strong> : comprendre les tensions, adopter une posture m\u00e9diatrice, instaurer des r\u00e8gles de vie partag\u00e9es\u2026<\/li>\n\n\n\n<li><strong>Communication et animation des dynamiques de groupe<\/strong> : mieux \u00e9couter, faciliter les \u00e9changes, stimuler la coop\u00e9ration et g\u00e9rer les personnalit\u00e9s complexes\u2026<\/li>\n<\/ul>\n<\/div>\n<\/div>\n\n\n\n<div class=\"wp-block-columns are-vertically-aligned-center has-background is-layout-flex wp-container-core-columns-is-layout-28f84493 wp-block-columns-is-layout-flex\" style=\"border-width:2px;background:linear-gradient(135deg,rgba(7,227,168,0.26) 0%,rgba(81,220,224,0.32) 100%)\">\n<div class=\"wp-block-column is-vertically-aligned-center is-layout-flow wp-block-column-is-layout-flow\">\n<figure class=\"wp-block-image size-full\"><img decoding=\"async\" width=\"1024\" height=\"768\" src=\"https:\/\/demainsencommun.fr\/wp-content\/uploads\/2025\/10\/image-6-edited.png\" alt=\"\" class=\"wp-image-45\" srcset=\"https:\/\/demainsencommun.fr\/wp-content\/uploads\/2025\/10\/image-6-edited.png 1024w, https:\/\/demainsencommun.fr\/wp-content\/uploads\/2025\/10\/image-6-edited-300x225.png 300w\" sizes=\"(max-width: 1024px) 100vw, 1024px\" \/><\/figure>\n<\/div>\n\n\n\n<div class=\"wp-block-column is-vertically-aligned-center is-layout-flow wp-block-column-is-layout-flow\">\n<h2 class=\"wp-block-heading\"><strong><strong>Habiter autrement : sobri\u00e9t\u00e9, \u00e9cologie et sant\u00e9<\/strong><\/strong><\/h2>\n\n\n\n<p>Ces formations visent \u00e0 renforcer la <strong>compr\u00e9hension et l\u2019autonomie<\/strong> des professionnel\u00b7les et des habitant\u00b7es autour de la <strong>durabilit\u00e9<\/strong>, du <strong>soin du logement<\/strong> et des usages quotidiens.<\/p>\n\n\n\n<h3 class=\"wp-block-heading\">\ud83e\udde9 <strong>Modules propos\u00e9s :<\/strong><\/h3>\n\n\n\n<ul class=\"wp-block-list\">\n<li><strong>Comprendre et ma\u00eetriser les \u00e9nergies<\/strong> : \u00e9conomies d\u2019\u00e9nergie, sobri\u00e9t\u00e9, lecture de factures, outils pratiques pour accompagner les m\u00e9nages (\u00e9cogestes)\u2026<\/li>\n\n\n\n<li><strong>Logement sain et \u00e9co-responsable<\/strong> : entretien du logement, tri, alternatives durables, gestes simples du quotidien favorables \u00e0 la sant\u00e9 et \u00e0 l\u2019environnement\u2026<\/li>\n<\/ul>\n<\/div>\n<\/div>\n\n\n\n<hr class=\"wp-block-separator has-alpha-channel-opacity is-style-wide\"\/>\n\n\n\n<div class=\"wp-block-group has-global-padding is-layout-constrained wp-block-group-is-layout-constrained\">\n<h2 class=\"wp-block-heading\">  \ud83c\udd95<strong>S\u00e9curit\u00e9, pr\u00e9vention et r\u00e9activit\u00e9<\/strong><\/h2>\n\n\n\n<p>En partenariat avec<strong> <strong>Forma\u2019Djo<\/strong><\/strong>, nous d\u00e9veloppons actuellement une <strong>s\u00e9rie de formations et de journ\u00e9es th\u00e9matiques<\/strong> (type safety-days) autour du <strong>SST (Sauveteur Secouriste du Travail)<\/strong> et de ses d\u00e9clinaisons adapt\u00e9es \u00e0 diff\u00e9rents contextes :<\/p>\n\n\n\n<ul class=\"wp-block-list\">\n<li><strong>en entreprise<\/strong><br>pr\u00e9vention, gestes d\u2019urgence, s\u00e9curit\u00e9 collective ;<\/li>\n\n\n\n<li><strong>aupr\u00e8s des intervenant\u00b7es \u00e0 domicile<\/strong><br>situations familiales, interventions de proximit\u00e9, adaptation aux publics fragiles ;<\/li>\n\n\n\n<li><strong>dans les r\u00e9sidences sociales, foyers ou h\u00e9bergements collectifs<\/strong>,<br>pour renforcer la culture de la pr\u00e9vention et faire face aux situations d\u2019urgence.<\/li>\n<\/ul>\n\n\n\n<p>Ces formations s\u2019appuient sur des <strong>m\u00e9thodes participatives et des mises en pratique concr\u00e8tes,<\/strong> afin de d\u00e9velopper des r\u00e9flexes communs et de rendre chaque environnement <strong>plus s\u00fbr, attentif et bienveillant<\/strong>.<\/p>\n\n\n\n<blockquote class=\"wp-block-quote is-layout-flow wp-block-quote-is-layout-flow\">\n<p><strong>Parce que savoir prot\u00e9ger, examiner, alerter et secourir,<br>c\u2019est aussi une fa\u00e7on de prendre soin du collectif.<\/strong><\/p>\n<\/blockquote>\n\n\n\n<h2 class=\"wp-block-heading has-text-align-center\">N\u2019h\u00e9sitez pas \u00e0 demander le catalogue de formation&nbsp;!<\/h2>\n\n\n\n<div class=\"wp-block-buttons is-content-justification-center is-layout-flex wp-container-core-buttons-is-layout-a89b3969 wp-block-buttons-is-layout-flex\">\n<div class=\"wp-block-button\"><a class=\"wp-block-button__link wp-element-button\" href=\"https:\/\/demainsencommun.fr\/?page_id=107\" target=\"_blank\" rel=\"noreferrer noopener\">\ud83d\udc49 Contact<\/a><\/div>\n<\/div>\n\n\n\n<p>Les modules peuvent \u00eatre propos\u00e9s :<\/p>\n\n\n\n<ul class=\"wp-block-list\">\n<li><strong>sur site<\/strong> (au sein des structures, des lieux de vie ou de travail),<\/li>\n\n\n\n<li><strong>hors site<\/strong> (salles d\u00e9di\u00e9es, organismes de formation, lieux partenaires),<\/li>\n\n\n\n<li>en <strong>format court ou long<\/strong>,<\/li>\n\n\n\n<li><strong>int\u00e9gr\u00e9s \u00e0 des parcours<\/strong> plus larges (formation-action, accompagnement, temps collectifs).<\/li>\n<\/ul>\n\n\n\n<blockquote class=\"wp-block-quote is-layout-flow wp-block-quote-is-layout-flow\">\n<p><strong>Former, ce n\u2019est pas seulement transmettre un savoir,<br>c\u2019est cr\u00e9er les conditions pour qu\u2019il prenne racine et transforme l\u2019action.<\/strong><\/p>\n<\/blockquote>\n<\/div>\n\n\n\n<h2 class=\"wp-block-heading\">Exp\u00e9riences &amp; r\u00e9f\u00e9rences<\/h2>\n\n\n\n<div class=\"wp-block-group has-global-padding is-layout-constrained wp-block-group-is-layout-constrained\">\n<p><em>Certaines formations ont \u00e9t\u00e9 r\u00e9alis\u00e9es dans le cadre de fonctions professionnelles ant\u00e9rieures.<br>Elles nourrissent aujourd\u2019hui mon approche et mes pratiques au sein de De Mains en Commun.<\/em><\/p>\n<\/div>\n\n\n\n<div class=\"wp-block-columns is-layout-flex wp-container-core-columns-is-layout-28f84493 wp-block-columns-is-layout-flex\">\n<div class=\"wp-block-column is-vertically-aligned-top is-layout-flow wp-block-column-is-layout-flow\" style=\"flex-basis:50%\">\n<figure class=\"wp-block-gallery has-nested-images columns-default is-cropped wp-block-gallery-1 is-layout-flex wp-block-gallery-is-layout-flex\">\n<figure class=\"wp-block-image size-large\"><img decoding=\"async\" width=\"1024\" height=\"768\" data-id=\"159\" src=\"https:\/\/demainsencommun.fr\/wp-content\/uploads\/2026\/01\/photo_ais_forma-2-1024x768.jpg\" alt=\"\" class=\"wp-image-159\" srcset=\"https:\/\/demainsencommun.fr\/wp-content\/uploads\/2026\/01\/photo_ais_forma-2-1024x768.jpg 1024w, https:\/\/demainsencommun.fr\/wp-content\/uploads\/2026\/01\/photo_ais_forma-2-300x225.jpg 300w, https:\/\/demainsencommun.fr\/wp-content\/uploads\/2026\/01\/photo_ais_forma-2-2000x1500.jpg 2000w\" sizes=\"(max-width: 1024px) 100vw, 1024px\" \/><\/figure>\n\n\n\n<figure class=\"wp-block-image size-large\"><img loading=\"lazy\" decoding=\"async\" width=\"768\" height=\"1024\" data-id=\"161\" src=\"https:\/\/demainsencommun.fr\/wp-content\/uploads\/2026\/01\/Journee_formation_Differdange_29092025-768x1024.jpg\" alt=\"\" class=\"wp-image-161\" srcset=\"https:\/\/demainsencommun.fr\/wp-content\/uploads\/2026\/01\/Journee_formation_Differdange_29092025-768x1024.jpg 768w, https:\/\/demainsencommun.fr\/wp-content\/uploads\/2026\/01\/Journee_formation_Differdange_29092025-225x300.jpg 225w, https:\/\/demainsencommun.fr\/wp-content\/uploads\/2026\/01\/Journee_formation_Differdange_29092025-2000x2667.jpg 2000w, https:\/\/demainsencommun.fr\/wp-content\/uploads\/2026\/01\/Journee_formation_Differdange_29092025-scaled.jpg 1920w\" sizes=\"(max-width: 768px) 100vw, 768px\" \/><\/figure>\n\n\n\n<figure class=\"wp-block-image size-large\"><img loading=\"lazy\" decoding=\"async\" width=\"1024\" height=\"768\" data-id=\"162\" src=\"https:\/\/demainsencommun.fr\/wp-content\/uploads\/2026\/01\/Forma_Photo_281125-1024x768.jpeg\" alt=\"\" class=\"wp-image-162\" srcset=\"https:\/\/demainsencommun.fr\/wp-content\/uploads\/2026\/01\/Forma_Photo_281125-1024x768.jpeg 1024w, https:\/\/demainsencommun.fr\/wp-content\/uploads\/2026\/01\/Forma_Photo_281125-300x225.jpeg 300w, https:\/\/demainsencommun.fr\/wp-content\/uploads\/2026\/01\/Forma_Photo_281125.jpeg 1536w\" sizes=\"(max-width: 1024px) 100vw, 1024px\" \/><\/figure>\n\n\n\n<figure class=\"wp-block-image size-large\"><img loading=\"lazy\" decoding=\"async\" width=\"1024\" height=\"419\" data-id=\"160\" src=\"https:\/\/demainsencommun.fr\/wp-content\/uploads\/2026\/01\/Photo_ais_forma-1024x419.jpg\" alt=\"\" class=\"wp-image-160\" srcset=\"https:\/\/demainsencommun.fr\/wp-content\/uploads\/2026\/01\/Photo_ais_forma-1024x419.jpg 1024w, https:\/\/demainsencommun.fr\/wp-content\/uploads\/2026\/01\/Photo_ais_forma-300x123.jpg 300w, https:\/\/demainsencommun.fr\/wp-content\/uploads\/2026\/01\/Photo_ais_forma-2000x819.jpg 2000w\" sizes=\"(max-width: 1024px) 100vw, 1024px\" \/><\/figure>\n<\/figure>\n<\/div>\n<\/div>\n\n\n\n<div class=\"wp-block-columns is-layout-flex wp-container-core-columns-is-layout-28f84493 wp-block-columns-is-layout-flex\">\n<div class=\"wp-block-column is-layout-flow wp-block-column-is-layout-flow\" style=\"flex-basis:100%\">\n<div class=\"wp-block-group is-nowrap is-layout-flex wp-container-core-group-is-layout-6c531013 wp-block-group-is-layout-flex\">\n<figure class=\"wp-block-image size-full is-resized\"><img loading=\"lazy\" decoding=\"async\" width=\"258\" height=\"120\" src=\"https:\/\/demainsencommun.fr\/wp-content\/uploads\/2026\/01\/logo-FEDAS.png\" alt=\"\" class=\"wp-image-163\" style=\"width:124px;height:auto\"\/><\/figure>\n\n\n\n<figure class=\"wp-block-image size-large\"><img loading=\"lazy\" decoding=\"async\" width=\"192\" height=\"49\" src=\"https:\/\/demainsencommun.fr\/wp-content\/uploads\/2026\/01\/logo_fal.jpg\" alt=\"\" class=\"wp-image-137\"\/><\/figure>\n<\/div>\n<\/div>\n<\/div>\n\n\n\n<figure class=\"wp-block-image size-large\"><img loading=\"lazy\" decoding=\"async\" width=\"400\" height=\"77\" src=\"https:\/\/demainsencommun.fr\/wp-content\/uploads\/2026\/01\/logo-difVille_sikorAISKordall.jpg\" alt=\"\" class=\"wp-image-166\" srcset=\"https:\/\/demainsencommun.fr\/wp-content\/uploads\/2026\/01\/logo-difVille_sikorAISKordall.jpg 400w, https:\/\/demainsencommun.fr\/wp-content\/uploads\/2026\/01\/logo-difVille_sikorAISKordall-300x58.jpg 300w\" sizes=\"(max-width: 400px) 100vw, 400px\" \/><\/figure>\n\n\n\n<figure class=\"wp-block-image size-full\"><img loading=\"lazy\" decoding=\"async\" width=\"259\" height=\"163\" src=\"https:\/\/demainsencommun.fr\/wp-content\/uploads\/2026\/01\/logo-forma-djo.png\" alt=\"\" class=\"wp-image-164\"\/><\/figure>\n","protected":false},"excerpt":{"rendered":"<p>Transmettre autrement, par l\u2019exp\u00e9rience Objectif ? Former et sensibiliser les professionnel, collectivit\u00e9s et structures sociales afin de renforcer leurs comp\u00e9tences et leurs pratiques, \u00e0 travers des formations participatives, ancr\u00e9es dans le r\u00e9el. Ces formations visent \u00e0 :&#8211; outiller les acteurs de terrain,&#8211; favoriser la prise de recul sur les pratiques,&#8211; renforcer les capacit\u00e9s d\u2019action individuelles &hellip; <\/p>\n<p class=\"link-more\"><a href=\"https:\/\/demainsencommun.fr\/?page_id=105\" class=\"more-link\">Lire la suite de<span class=\"screen-reader-text\">\u00ab\u00a0| Formations \/ Sensibilisation |\u00a0\u00bb<\/span><\/a><\/p>\n","protected":false},"author":1,"featured_media":226,"parent":0,"menu_order":0,"comment_status":"closed","ping_status":"closed","template":"","meta":{"footnotes":""},"class_list":["post-105","page","type-page","status-publish","has-post-thumbnail","hentry"],"featured_media_urls":{"thumbnail":["https:\/\/demainsencommun.fr\/wp-content\/uploads\/2026\/01\/image-page-former-150x150.png",150,150,true],"medium":["https:\/\/demainsencommun.fr\/wp-content\/uploads\/2026\/01\/image-page-former-300x200.png",300,200,true],"medium_large":["https:\/\/demainsencommun.fr\/wp-content\/uploads\/2026\/01\/image-page-former.png",768,512,false],"large":["https:\/\/demainsencommun.fr\/wp-content\/uploads\/2026\/01\/image-page-former-1024x683.png",950,634,true],"1536x1536":["https:\/\/demainsencommun.fr\/wp-content\/uploads\/2026\/01\/image-page-former.png",1536,1024,false],"2048x2048":["https:\/\/demainsencommun.fr\/wp-content\/uploads\/2026\/01\/image-page-former.png",1536,1024,false],"inspiro-featured-image":["https:\/\/demainsencommun.fr\/wp-content\/uploads\/2026\/01\/image-page-former.png",1536,1024,false],"inspiro-loop":["https:\/\/demainsencommun.fr\/wp-content\/uploads\/2026\/01\/image-page-former-950x320.png",950,320,true],"inspiro-loop@2x":["https:\/\/demainsencommun.fr\/wp-content\/uploads\/2026\/01\/image-page-former-1536x640.png",1536,640,true],"portfolio_item-thumbnail":["https:\/\/demainsencommun.fr\/wp-content\/uploads\/2026\/01\/image-page-former-600x400.png",600,400,true],"portfolio_item-thumbnail@2x":["https:\/\/demainsencommun.fr\/wp-content\/uploads\/2026\/01\/image-page-former-1200x800.png",1200,800,true],"portfolio_item-masonry":["https:\/\/demainsencommun.fr\/wp-content\/uploads\/2026\/01\/image-page-former-600x400.png",600,400,true],"portfolio_item-masonry@2x":["https:\/\/demainsencommun.fr\/wp-content\/uploads\/2026\/01\/image-page-former-1200x800.png",1200,800,true],"portfolio_item-thumbnail_cinema":["https:\/\/demainsencommun.fr\/wp-content\/uploads\/2026\/01\/image-page-former-800x335.png",800,335,true],"portfolio_item-thumbnail_portrait":["https:\/\/demainsencommun.fr\/wp-content\/uploads\/2026\/01\/image-page-former-600x900.png",600,900,true],"portfolio_item-thumbnail_portrait@2x":["https:\/\/demainsencommun.fr\/wp-content\/uploads\/2026\/01\/image-page-former-1200x1024.png",1200,1024,true],"portfolio_item-thumbnail_square":["https:\/\/demainsencommun.fr\/wp-content\/uploads\/2026\/01\/image-page-former-800x800.png",800,800,true]},"_links":{"self":[{"href":"https:\/\/demainsencommun.fr\/index.php?rest_route=\/wp\/v2\/pages\/105","targetHints":{"allow":["GET"]}}],"collection":[{"href":"https:\/\/demainsencommun.fr\/index.php?rest_route=\/wp\/v2\/pages"}],"about":[{"href":"https:\/\/demainsencommun.fr\/index.php?rest_route=\/wp\/v2\/types\/page"}],"author":[{"embeddable":true,"href":"https:\/\/demainsencommun.fr\/index.php?rest_route=\/wp\/v2\/users\/1"}],"replies":[{"embeddable":true,"href":"https:\/\/demainsencommun.fr\/index.php?rest_route=%2Fwp%2Fv2%2Fcomments&post=105"}],"version-history":[{"count":9,"href":"https:\/\/demainsencommun.fr\/index.php?rest_route=\/wp\/v2\/pages\/105\/revisions"}],"predecessor-version":[{"id":284,"href":"https:\/\/demainsencommun.fr\/index.php?rest_route=\/wp\/v2\/pages\/105\/revisions\/284"}],"wp:featuredmedia":[{"embeddable":true,"href":"https:\/\/demainsencommun.fr\/index.php?rest_route=\/wp\/v2\/media\/226"}],"wp:attachment":[{"href":"https:\/\/demainsencommun.fr\/index.php?rest_route=%2Fwp%2Fv2%2Fmedia&parent=105"}],"curies":[{"name":"wp","href":"https:\/\/api.w.org\/{rel}","templated":true}]}}